12?
False
Is 2580149096 a multiple of 98?
True
Is 8 a factor of 65646728?
True
Does 3666 divide 509625324?
True
Does 373 divide 132193438?
True
Does 42 divide 2510062170?
True
Is 699228032 a multiple of 19?
False
Is 7915 a factor of 1332050741?
False
Is 491691675 a multiple of 15?
True
Is 1110598713 a multiple of 23?
False
Is 8758984 a multiple of 104?
True
Is 126 a factor of 474598375?
False
Does 132 divide 21173856?
True
Does 708 divide 411101416?
False
Does 53 divide 35025580?
True
Is 2958219 a multiple of 7?
False
Is 1360682065 a multiple of 8?
False
Is 8747016 a multiple of 6?
True
Is 217 a factor of 1290677808?
True
Does 205 divide 14409450?
True
Is 159 a factor of 172892784?
True
Is 125035560 a multiple of 10?
True
Is 371980951 a multiple of 37?
False
Is 43270526 a multiple of 2911?
False
Is 93282497 a multiple of 74?
False
Is 25 a factor of 354391850?
True
Is 513270180 a multiple of 10?
True
Is 3 a factor of 29039081?
False
Is 10 a factor of 35670950?
True
Is 8345 a factor of 2881152975?
True
Is 280 a factor of 890204762?
False
Is 261321016 a multiple of 44?
True
Is 251511368 a multiple of 441?
False
Is 684547576 a multiple of 95?
False
Is 507 a factor of 34816704?
True
Does 3449 divide 11647273?
True
Is 88151232 a multiple of 32?
True
Is 11703998 a multiple of 41?
False
Is 257 a factor of 474180934?
True
Is 58375771 a multiple of 899?
False
Is 21 a factor of 204513099?
True
Is 341888460 a multiple of 1389?
True
Is 234 a factor of 481783536?
True
Does 1939 divide 303994481?
True
Is 93294368 a multiple of 21?
False
Does 239 divide 8267488?
True
Is 2 a factor of 411673?
False
Does 778 divide 100710544?
True
Is 119707461 a multiple of 31?
True
Is 1153 a factor of 38102038?
True
Is 96 a factor of 241207334?
False
Is 36 a factor of 63741744?
True
Is 4 a factor of 6015612?
True
Is 3208954 a multiple of 22?
False
Is 9546 a factor of 2568179472?
True
Is 32 a factor of 16381056?
True
Is 1641 a factor of 13300305?
True
Is 19 a factor of 2404187421?
False
Does 119 divide 12328043?
True
Is 1502616 a multiple of 1172?
False
Is 390 a factor of 163471329?
False
Is 195474704 a multiple of 429?
False
Is 64771938 a multiple of 11?
True
Is 171995386 a multiple of 4?
False
Does 20 divide 20153964?
False
Does 170 divide 9707716?
False
Does 4 divide 8251483?
False
Does 15 divide 229240845?
True
Does 152 divide 18548104?
True
Is 246 a factor of 1024849530?
True
Is 18 a factor of 67153014?
True
Is 5 a factor of 18739497?
False
Does 961 divide 6576123?
True
Is 15 a factor of 2783533864?
False
Is 1328 a factor of 1119038382?
False
Is 289293410 a multiple of 3206?
True
Is 325197145 a multiple of 91?
True
Does 108 divide 54826016?
False
Does 13 divide 2489058?
True
Is 673 a factor of 14665948?
False
Is 761 a factor of 76289489?
True
Is 115 a factor of 225576065?
True
Is 10825 a factor of 1930974325?
True
Is 609 a factor of 346457055?
True
Does 20 divide 3884646?
False
Is 2148253722 a multiple of 102?
True
Is 44 a factor of 158204948?
True
Does 60 divide 75561715?
False
Does 11 divide 149967879?
False
Is 1159625447 a multiple of 107?
True
Is 833 a factor of 890465?
False
Does 1136 divide 287250291?
False
Does 5 divide 14671260?
True
Is 25000471 a multiple of 25?
False
Is 513582304 a multiple of 12?
False
Is 126153085 a multiple of 152?
False
Does 417 divide 387289831?
False
Is 1651466 a multiple of 494?
False
Is 22 a factor of 8732702?
True
Is 28163620 a multiple of 4?
True
Is 1166600634 a multiple of 1430?
False
Does 3322 divide 164464493?
False
Is 2161979 a multiple of 24?
False
Is 928 a factor of 282046112?
True
Is 474478993 a multiple of 44?
False
Is 20 a factor of 19851425?
False
Is 392 a factor of 403915624?
True
Is 735216226 a multiple of 319?
False
Is 897 a factor of 1662075381?
False
Does 3 divide 47112056?
False
Is 554 a factor of 4260376340?
True
Is 260 a factor of 27058304?
False
Is 67047572 a multiple of 2?
True
Is 174 a factor of 2563501?
False
Is 32290248 a multiple of 258?
True
Is 4946 a factor of 2574921778?
False
Does 503 divide 250175601?
True
Is 403 a factor of 39666081?
True
Does 625 divide 445562815?
False
Is 1851 a factor of 285531558?
True
Is 201 a factor of 68827023?
True
Does 22 divide 643932089?
False
Does 23 divide 8787012?
True
Is 6 a factor of 21073554?
True
Does 11 divide 295944692?
False
Does 97 divide 70657225?
True
Is 1140425 even?
False
Does 265 divide 80980888?
False
Does 2502 divide 181775304?
True
Is 40204456 a multiple of 17?
True
Does 114 divide 10307168?
False
Is 49018049 a multiple of 66?
False
Is 14633088 a multiple of 719?
True
Is 600 a factor of 32337000?
True
Is 87 a factor of 2389678056?
False
Is 26 a factor of 96959070?
True
Is 2862 a factor of 2200400046?
True
Is 22 a factor of 16412066?
True
Is 2875298866 a multiple of 156?
False
Is 2983 a factor of 590675762?
True
Does 12 divide 40154808?
True
Is 385 a factor of 154696296?
False
Is 73 a factor of 2013645397?
False
Does 5018 divide 170175434?
True
Is 293725 a multiple of 775?
True
Does 21 divide 1320453578?
False
Does 18 divide 33381630?
True
Is 35282521 a multiple of 17?
False
Does 160 divide 69124960?
True
Does 8 divide 413370304?
True
Does 120 divide 20093280?
True
Is 174772791 a multiple of 9?
True
Is 826 a factor of 21503805?
False
Is 86594792 a multiple of 212?
True
Does 86 divide 104505222?
True
Is 830 a factor of 77697710?
False
Does 337 divide 73670222?
True
Is 116 a factor of 623091565?
False
Is 13 a factor of 7510387?
False
Does 1458 divide 194268294?
True
Does 8 divide 203809?
False
Is 1342 a factor of 55754732?
True
Does 17 divide 164502402?
False
Is 466016940 a multiple of 9?
True
Is 509400251 a multiple of 206?
False
Is 63703071 a multiple of 2824?
False
Is 23 a factor of 1586175?
False
Is 32 a factor of 147704160?
True
Does 2381 divide 1553690597?
True
Is 278 a factor of 2478437554?
True
Does 670 divide 1084461592?
False
Is 237 a factor of 65036636?
False
Is 4 a factor of 225928361?
False
Is 200348723 a multiple of 35?
False
Is 3786026836 a multiple of 602?
False
Does 7 divide 154987?
True
Does 891 divide 38829780?
True
Does 42 divide 7093427?
False
Is 88 a factor of 335912016?
True
Is 4351701746 a multiple of 19?
True
Is 690 a factor of 143090808?
False
Does 61 divide 189203983?
False
Is 30 a factor of 43783856?
False
Is 62 a factor of 29715001?
False
Is 3732 a factor of 287923800?
True
Is 12 a factor of 6991720008?
True
Is 160088784 a multiple of 91?
False
Is 61 a factor of 245150704?
True
Is 19 a factor of 83152531?
True
Does 157 divide 505515037?
True
Does 146 divide 29337970?
True
Is 54 a factor of 1096542090?
True
Is 406599257 a multiple of 5?
False
Is 5252781 a multiple of 2?
False
Does 79 divide 102025004?
False
Does 4 divide 13140212?
True
Does 36 divide 15926054?
False
Does 956 divide 155571851?
False
Is 30823946 a multiple of 11?
False
Is 29 a factor of 5019206117?
True
Is 152041508 a multiple of 551?
False
Does 137 divide 1926768?
True
Is 22 a factor of 2546530?
False
Does 3385 divide 84199100?
False
Is 13131938 a multiple of 129?
False
Is 1291 a factor of 98159894?
True
Does 23 divide 183322866?
False
Is 28748959 a multiple of 41?
False
Is 46324575 a multiple of 425?
True
Is 3497292468 a multiple of 348?
True
Is 1747 a factor of 485411881?
False
Does 55 divide 371543785?
False
Is 144 a factor of 361560181?
False
Does 177 divide 175121268?
False
Does 773 divide 167189078?
True
Is 70 a factor of 8505840?
True
Is 1021544202 a multiple of 101?
False
Is 49 a factor of 34607901?
False
Does 51 divide 38743068?
True
Is 146 a factor of 2592230?
True
Does 4191 divide 141809238?
False
Is 510 a factor of 87423180?
True
Is 639136342 a multiple of 3547?
False
Is 94451515 a multiple of 4?
False
Does 430 divide 23738180?
False
Is 38 a factor of 18921722?
False
Is 1109859223 a multiple of 127?
True
Is 18030844 a multiple of 26?
True
Is 28 a factor of 70121516?
False
Is 2214902775 a multiple of 951?
True
Is 1694208 a multiple of 512?
True
Is 1998151296 a multiple of 1766?
True
Does 3370 divide 152368681?
False
Is 60 a factor of 45996403?
False
Does 107 divide 2747021077?
False
Is 1940922525 a multiple of 15?
True
Is 47 a factor of 26552744?
True
Does 705 divide 46762200?
False
Is 195 a factor of 10341630?
True
Does 58 divide 1173866438?
False
Does 1